
4
Calculate the remainder when 483 is divided by 121.
120
What is the remainder when 315 is divided by 40?
35
What is the remainder when 1605 is divided by 73?
72
Calculate the remainder when 88 is divided by 20.
8
Calculate the remainder when 21417 is divided by 45.
42
Calculate the remainder when 473 is divided by 25.
23
What is the remainder when 19315 is divided by 13?
10
What is the remainder when 936 is divided by 3?
0
Calculate the remainder when 245 is divided by 9.
2
Calculate the remainder when 746 is divided by 206.
128
Calculate the remainder when 725 is divided by 104.
101
What is the remainder when 140 is divided by 102?
38
Calculate the remainder when 5147 is divided by 184.
179
Calculate the remainder when 228 is divided by 48.
36
Calculate the remainder when 195 is divided by 59.
18
What is the remainder when 1376 is divided by 275?
1
Calculate the remainder when 3222 is divided by 31.
29
What is the remainder when 236 is divided by 61?
53
Calculate the remainder when 4909 is divided by 1631.
16
Calculate the remainder when 1326 is divided by 4.
2
What is the remainder when 60 is divided by 14?
4
Calculate the remainder when 81 is divided by 23.
12
Calculate the remainder when 613 is divided by 123.
121
Calculate the remainder when 1916 is divided by 160.
156
Calculate the remainder when 124 is divided by 25.
24
Calculate the remainder when 17639 is divided by 36.
35
What is the remainder when 317 is divided by 52?
5
What is the remainder when 9342 is divided by 128?
126
Calculate the remainder when 432 is divided by 7.
5
What is the remainder when 29 is divided by 7?
1
Calculate the remainder when 255 is divided by 4.
3
Calculate the remainder when 132 is divided by 4.
0
Calculate the remainder when 135 is divided by 36.
27
Calculate the remainder when 35 is divided by 19.
16
What is the remainder when 741 is divided by 81?
12
Calculate the remainder when 77 is divided by 31.
15
Calculate the remainder when 62 is divided by 12.
2
Calculate the remainder when 200 is divided by 97.
6
What is the remainder when 231 is divided by 41?
26
What is the remainder when 211 is divided by 22?
13
Calculate the remainder when 99 is divided by 17.
14
Calculate the remainder when 541 is divided by 17.
14
What is the remainder when 118 is divided by 116?
2
What is the remainder when 324 is divided by 83?
75
Calculate the remainder when 263 is divided by 25.
13
What is the remainder when 156 is divided by 18?
12
Calculate the remainder when 1017 is divided by 24.
9
What is the remainder when 78 is divided by 27?
24
Calculate the remainder when 1497 is divided by 20.
17
What is the remainder when 3359 is divided by 57?
53
Calculate the remainder when 448 is divided by 48.
16
What is the remainder when 41 is divided by 11?
8
What is the remainder when 128 is divided by 8?
0
What is the remainder when 17277 is divided by 135?
132
What is the remainder when 455 is divided by 152?
151
Calculate the remainder when 348 is divided by 172.
4
Calculate the remainder when 594 is divided by 116.
14
What is the remainder when 543 is divided by 90?
3
Calculate the remainder when 45 is divided by 16.
13
Calculate the remainder when 1626 is divided by 34.
28
Calculate the remainder when 93 is divided by 47.
46
Calculate the remainder when 8956 is divided by 21.
10
Calculate the remainder when 1632 is divided by 793.
46
What is the remainder when 3889 is divided by 776?
9
Calculate the remainder when 32 is divided by 9.
5
Calculate the remainder when 7237 is divided by 181.
178
Calculate the remainder when 1089 is divided by 62.
35
What is the remainder when 553 is divided by 35?
28
Calculate the remainder when 148 is divided by 60.
28
What is the remainder when 9525 is divided by 4?
1
What is the remainder when 55 is divided by 16?
7
What is the remainder when 1363 is divided by 35?
33
What is the remainder when 752 is divided by 36?
32
Calculate the remainder when 505 is divided by 104.
89
Calculate the remainder when 89 is divided by 9.
8
What is the remainder when 3014 is divided by 216?
206
What is the remainder when 15 is divided by 1?
0
What is the remainder when 401 is divided by 146?
109
Calculate the remainder when 381 is divided by 179.
23
What is the remainder when 592 is divided by 65?
7
What is the remainder when 10763 is divided by 69?
68
Calculate the remainder when 416 is divided by 84.
80
Calculate the remainder when 668 is divided by 98.
80
Calculate the remainder when 1485 is divided by 20.
5
Calculate the remainder when 986 is divided by 47.
46
Calculate the remainder when 338 is divided by 69.
62
Calculate the remainder when 349 is divided by 27.
25
Calculate the remainder when 802 is divided by 73.
72
Calculate the remainder when 417 is divided by 107.
96
Calculate the remainder when 236 is divided by 15.
11
Calculate the remainder when 12 is divided by 4.
0
Calculate the remainder when 304 is divided by 124.
56
What is the remainder when 190 is divided by 17?
3
What is the remainder when 290 is divided by 97?
96
What is the remainder when 133 is divided by 20?
13
What is the remainder when 223 is divided by 45?
43
What is the remainder when 516 is divided by 170?
6
Calculate the remainder when 183 is divided by 28.
15
Calculate the remainder when 189 is divided by 35.
14
Calculate the remainder when 4967 is divided by 16.
7
What is the remainder when 98 is divided by 23?
6
Calculate the remainder when 693 is divided by 684.
9
Calculate the remainder when 57 is divided by 10.
7
What is the remainder when 1199 is divided by 1196?
3
Calculate the remainder when 2965 is divided by 494.
1
Calculate the remainder when 50 is divided by 35.
15
Calculate the remainder when 181 is divided by 16.
5
What is the remainder when 491 is divided by 41?
40
What is the remainder when 3776 is divided by 1250?
26
Calculate the remainder when 5818 is divided by 194.
192
What is the remainder when 835 is divided by 38?
37
What is the remainder when 117 is divided by 48?
21
Calculate the remainder when 1474 is divided by 36.
34
What is the remainder when 783 is divided by 156?
3
Calculate the remainder when 111 is divided by 6.
3
Calculate the remainder when 4602 is divided by 49.
45
What is the remainder when 801 is divided by 116?
105
What is the remainder when 3270 is divided by 301?
260
What is the remainder when 141 is divided by 140?
1
Calculate the remainder when 141 is divided by 8.
5
Calculate the remainder when 3417 is divided by 90.
87
Calculate the remainder when 1609 is divided by 100.
9
What is the remainder when 11 is divided by 11?
0
What is the remainder when 3655 is divided by 408?
391
Calculate the remainder when 1747 is divided by 15.
7
What is the remainder when 2210 is divided by 158?
156
What is the remainder when 1029 is divided by 18?
3
Calculate the remainder when 2636 is divided by 91.
88
What is the remainder when 212 is divided by 18?
14
Calculate the remainder when 56 is divided by 29.
27
Calculate the remainder when 173 is divided by 114.
59
Calculate the remainder when 2025 is divided by 39.
36
What is the remainder when 95 is divided by 14?
11
Calculate the remainder when 632 is divided by 91.
86
Calculate the remainder when 1275 is divided by 635.
5
Calculate the remainder when 587 is divided by 12.
11
What is the remainder when 2592 is divided by 15?
12
Calculate the remainder when 1327 is divided by 31.
25
Calculate the remainder when 463 is divided by 161.
141
Calculate the remainder when 83 is divided by 49.
34
Calculate the remainder when 117 is divided by 30.
27
What is the remainder when 522 is divided by 169?
15
Calculate the remainder when 83 is divided by 57.
26
What is the remainder when 462 is divided by 39?
33
Calculate the remainder when 430 is divided by 18.
16
What is the remainder when 201 is divided by 66?
3
Calculate the remainder when 4539 is divided by 64.
59
What is the remainder when 52 is divided by 4?
0
Calculate the remainder when 7556 is divided by 108.
104
Calculate the remainder when 1627 is divided by 78.
67
What is the remainder when 37 is divided by 20?
17
Calculate the remainder when 94 is divided by 34.
26
What is the remainder when 166 is divided by 29?
21
What is the remainder when 164